mmon divisor of x and 88.
8
Suppose 2*n - 7*n + 20 = 0. Let i be 1 + 1 + -2 + n. Suppose -4*l = 3*g - 55, 2*l - 56 = -i*g + l. Calculate the greatest common factor of 91 and g.
13
Let o(g) = -5*g**3 + 3*g**2. Let c be o(-3). Suppose -i = 2*i - c. What is the highest common divisor of 36 and i?
18
Let b(k) = k**2 - 9*k - 6. Let v be b(12). What is the highest common factor of 15 and v?
15
Suppose -4*q = 46 - 238. Calculate the highest common divisor of q and 6.
6
Suppose -2*o = j - 1, -o + 3*o - 2*j + 14 = 0. Let c be 3 + ((-4)/2 - o). Let s = 8 + 4. What is the highest common factor of c and s?
3
Let o = -165 - -202. What is the highest common factor of o and 37?
37
Suppose 4*p = -m + p - 9, 4*m + 15 = -5*p. Suppose k + 2*r - 4 = -m, -5*k + 3*r = -59. Calculate the greatest common divisor of 110 and k.
10
Let z(f) = -f**3 - 3*f**2 + 2*f + 2. Let q = 3 + -7. Let s be z(q). Calculate the greatest common divisor of s and 70.
10
Suppose -40 = -5*n + 15. What is the highest common factor of 22 and n?
11
Let f = 120 + 50. Calculate the highest common divisor of f and 34.
34
Let h = 623 + -606. Suppose -321 - 240 = -3*r. Calculate the greatest common divisor of h and r.
17
Let v = -2 - -24. What is the greatest common divisor of v and 2?
2
Let g = 83 - 64. Let d = 3 - 0. Suppose d*o + m + 15 = 4*o, 5*o - m - 91 = 0. Calculate the highest common divisor of g and o.
19
Let j = 2 + 2. Let q be ((0 + 0)*1)/(-1). Suppose 3*w + j + 5 = q, 5*o = 4*w + 62. Calculate the greatest common divisor of 90 and o.
10
Suppose -7*t - 4 = -8*t. Calculate the greatest common factor of t and 28.
4
Let d(c) = 3*c**2 - 6*c - 10. Let r be d(7). Suppose 0 = -5*n - 2*q + 194, -4*q - 68 = -n - n. Calculate the highest common factor of n and r.
19
Let x = -143 + 233. What is the greatest common divisor of 18 and x?
18
Let v(f) = f**2 - 3*f - 2. Let n be v(4). Let j(d) = -d + d**2 - 3 - 4*d**2 + 4*d**n. Let u be j(6). Calculate the highest common divisor of 3 and u.
3
Let g(j) = -j + 9. Let m be g(9). Suppose m*t + 2*t + 2 = 4*p, -2*t + 2*p + 4 = 0. Let x = t - 4. What is the highest common factor of 1 and x?
1
Suppose 6*y = 5*y. Suppose -2*h - 4*g + 18 = y, 4*h = -h + 5*g. What is the highest common factor of 27 and h?
3
Suppose -4*b + 12 = -p, 5*p + 6 = -2*b - 10. Suppose b*s + 10 = -2*u, 5*s + u + 0*u = -13. Let j be 75/1 + s + 2. What is the highest common factor of j and 30?
15
Let c = 100 + 12. Suppose 3*n = -5*w + 65, 4*w - n - 54 = -3*n. Calculate the greatest common factor of w and c.
16
Let d(b) = -b**3 + 5*b**2 - b - 5. Let o be d(4). Let c(s) = -s**3 + 6*s**2 - 2*s - 1. Let x be c(5). What is the highest common divisor of o and x?
7
Suppose -3*a + t = -43, -5*a + 2*t = -41 - 29. Calculate the highest common divisor of 144 and a.
16
Let j(n) = -3*n - 9. Let s = -34 - -23. Let z be j(s). What is the greatest common divisor of z and 8?
8
Suppose -6 = 3*a, -p + a + 14 = -15. Suppose -17*z = -20*z + p. Calculate the greatest common divisor of z and 36.
9
Let g be (-1 - 0)*(-20 + -7). Let m be (-14 - -2)*g/(-4). What is the greatest common divisor of m and 9?
9
Let r = 95 + -60. Let s be ((-2)/(-6))/((-1)/(-15)). Calculate the greatest common divisor of r and s.
5
Let r(d) = 7*d**2 - 2*d. Let l be r(3). Calculate the greatest common divisor of 38 and l.
19
Let f = 2 + -3. Let h be 2 + (f - -1) + -1. Let c be 3 + (2 - 0/h). Calculate the highest common factor of 55 and c.
5
Let i = 51 + -31. Suppose 0 = -5*y - 4*t + 5*t, -18 = 3*y + 3*t. Let b be ((-2)/6)/(y/30). What is the greatest common divisor of b and i?
10
Let b(f) = 14*f**3 + f**2 + f - 2. Let i be b(1). What is the greatest common divisor of 7 and i?
7
Suppose 3*c + 4*u - 36 = 0, -u - 10 = -2*c + 3. Calculate the highest common factor of c and 256.
8
Let l be (0 - 6) + 3 - -14. Suppose -w = 3*j - 4, w = j + 3*w + 7. Suppose 35 = 5*k + 5*p, 0 = k + j*p + 1. Calculate the greatest common factor of k and l.
11
Let t be ((-14)/4 + 4)*60. Calculate the greatest common divisor of t and 20.
10
Let k(a) = 10*a**2 + 4*a - 3. Let t be k(2). Calculate the greatest common divisor of t and 5.
5
Let a(x) = 8*x**3 + 3*x**2 - x - 2. Let n be a(2). Let i be -1*(-6)/(-10) + (-240)/(-25). What is the greatest common factor of i and n?
9
Let o(u) = -u**2 + 8*u - 2. Let r be o(6). Suppose x + 25 = 5*c, 0*x - 14 = c - 4*x. Let a be 62/c - (-2)/(-6). Calculate the greatest common factor of a and r.
10
Let t be ((-5)/4)/(2/(-32)). What is the greatest common divisor of 30 and t?
10
Suppose a + 2*a = 378. Suppose 0 = -d - 2*t + 14, -3*d = -2*t - 34 - 8. Calculate the greatest common divisor of a and d.
14
Suppose 10 = 2*q, 83 = -b - 2*q + 327. Let y = b + -154. Let t = 43 - 27. What is the highest common divisor of t and y?
16
Suppose 8*m - 80 = 4*m. Suppose 0 = 4*q - a - 17, 4*q - 2*a - 11 = 3. What is the highest common factor of m and q?
5
Let t be 6/(-30) + 1803/15. What is the greatest common divisor of 48 and t?
24
Let d = 7 + -4. Suppose 2*u = 8, 4*t - 123 = -4*u - 11. Suppose -d*a = t - 102. What is the highest common factor of 13 and a?
13
Suppose 3*r = -34 + 187. Calculate the highest common factor of 3 and r.
3
Let s = 633 + -627. Suppose 2*d - 3 = 1. Suppose 0 = d*t - 5 - 31. What is the greatest common divisor of s and t?
6
Let t = 241 + -161. Calculate the greatest common divisor of t and 20.
20
Suppose 4 = m - 5*m. Let s = -1 - m. Let j be (1*(s + -26))/(-2). What is the highest common divisor of j and 26?
13
Suppose 2*v + 1 = -3*w, 3*w - 1 + 17 = -5*v. Let r(t) = t**2 + 5*t + 4. Let u be r(v). What is the greatest common factor of 4 and u?
4
Let b = 184 + -44. Calculate the highest common factor of 20 and b.
20
Suppose 0 = 2*n - 3*a - 51, -n - a = -3*n + 53. Calculate the highest common divisor of 18 and n.
9
Suppose 5*u = -3*l + 61, -5*l + 93 = -l - 5*u. Calculate the highest common factor of l and 2.
2
Let a(r) = 3*r**2 - r - 4. Let f be a(4). Let g(z) = 3 - z**3 + 0 - 3*z - z**2 + 6*z**2 - 4. Let h be g(3). What is the highest common factor of f and h?
8
Suppose 5 = 2*q - q. What is the highest common factor of 40 and q?
5
Let l = -16 + 31. Let d be (-9 + 8)*(1 - 1). Let f be (d + 2 - 0) + 73. Calculate the greatest common factor of l and f.
15
Let y(h) be the second derivative of 14/3*h**4 - 1/2*h**2 - 1/6*h**3 + 4*h + 0. Let b be y(-1). Calculate the greatest common factor of b and 7.
7
Let b(x) = x**2 - x - 23. Let f be b(-6). What is the greatest common divisor of f and 95?
19
Let k(z) = 2*z + 6 - 4 - 8*z**3 - 1. Let r be k(-1). Let u = -2 - -3. Calculate the highest common factor of u and r.
1
Let z be ((-8)/(-4))/(562/280 + -2). Calculate the greatest common divisor of z and 28.
28
Suppose 3*q = -q + 28. Suppose -5*a + 39 = -4*b, a - 18 + 7 = 4*b. Calculate the greatest common divisor of q and a.
7
Let g be ((-3)/2)/((-9)/336). What is the highest common factor of 7 and g?
7
Let g(t) = -t + 48. Let a be g(16). What is the highest common divisor of a and 48?
16
Suppose 11*h = 16*h - 75. Calculate the greatest common divisor of h and 6.
3
Suppose v = -5*l + 345, -l + 12 + 33 = 5*v. Let g be (-3 - 45/(-12))*8. Let w be 28/g*(0 + 3). What is the highest common divisor of l and w?
14
Suppose -4*u + 12 = -7*u. Let c be (30/(-4) + -1)*u. Let s = 107 + -56. What is the greatest common factor of c and s?
17
Let n be (1 + 0)/((-3)/(-6)). Let d be (-3 + n)/((-1)/8). Calculate the highest common divisor of d and 16.
8
Let r be (15/(-6) - -3)*-226. Let c = -79 - r. What is the greatest common factor of c and 85?
17
Let g = 558 - 294. Calculate the highest common factor of g and 24.
24
Suppose 4*s - 7 = -5*c, 0 = 4*s + 3*c - 7 - 2. Suppose -s*w = -2*w - 1. Calculate the greatest common factor of w and 1.
1
Let x(k) = -k**2 - 7*k - 3. Let s be x(-5). Suppose -48 = -s*r + 4*r. Suppose -5*q + 8 = -q. Calculate the highest common factor of q and r.
2
Let n be ((-66)/(-9))/((-3)/(-9)). Let i = n + -8. What is the greatest common divisor of i and 14?
14
Suppose -2*x + 3 = -41. What is the highest common factor of 198 and x?
22
Suppose 5 = -3*q + 14. Suppose -3*t - 5*o = 2*t - 135, q*o + 75 = 3*t. Let b be t/((-6)/(1 + -4)). What is the greatest common divisor of b and 52?
13
Suppose 9*g = 85 + 158. What is the greatest common div